{"id":9029,"date":"2026-02-06T08:00:10","date_gmt":"2026-02-06T07:00:10","guid":{"rendered":"https:\/\/mariepierre-terrien.com\/?post_type=product&#038;p=9029"},"modified":"2026-02-16T20:53:53","modified_gmt":"2026-02-16T19:53:53","slug":"le-bon-gouvernement-selon-richelieu-illustre-dans-son-chateau-et-sa-cite-ideale","status":"publish","type":"product","link":"https:\/\/mariepierre-terrien.com\/index.php\/produit\/le-bon-gouvernement-selon-richelieu-illustre-dans-son-chateau-et-sa-cite-ideale\/","title":{"rendered":"Le bon gouvernement selon Richelieu, illustr\u00e9 dans son ch\u00e2teau et sa cit\u00e9 id\u00e9ale"},"content":{"rendered":"","protected":false},"excerpt":{"rendered":"<p>Prix de vente 20 \u20ac + 5 \u20ac frais de port. En vente sur ce site et \u00e0 Richelieu.<\/p>\n<p><em>Ouvrage vendu au profit de la Soci\u00e9t\u00e9 Historique Connaissance du Pays de Richelieu.<\/em><\/p>\n<p>Principal ministre de Louis XIII de 1624 \u00e0 1642, le cardinal de Richelieu a l\u2019intention de restaurer la puissance et l\u2019\u00e9clat de la France. Toutefois sa vision de l\u2019\u00c9tat d\u00e9range et suscite de nombreuses critiques. Ce clivage aboutit \u00e0 la Journ\u00e9e des Dupes (10-11 novembre 1630), mais Louis XIII renouvelle sa confiance \u00e0 ce serviteur d\u00e9vou\u00e9 qui travaille sans rel\u00e2che au service de l\u2019\u00c9tat. C\u2019est dans ce contexte que l\u2019ensemble ville-ch\u00e2teau de Richelieu voit le jour.\u00a0Cet ouvrage montre que l\u2019ambitieux projet du cardinal-ministre est porteur d\u2019une v\u00e9ritable affirmation politique. La grande galerie de peintures en particulier est un instrument du pouvoir qui doit c\u00e9l\u00e9brer la grandeur de la monarchie fran\u00e7aise. Le d\u00e9cor peint et sculpt\u00e9 de cette pi\u00e8ce ma\u00eetresse du ch\u00e2teau illustre les notions-cl\u00e9s du bon gouvernement, d\u00e9velopp\u00e9es par le cardinal-ministre dans son <em>Testament politique.<\/em><\/p>\n","protected":false},"featured_media":9026,"comment_status":"closed","ping_status":"closed","template":"","meta":[],"product_brand":[],"product_cat":[21],"product_tag":[],"class_list":{"0":"post-9029","1":"product","2":"type-product","3":"status-publish","4":"has-post-thumbnail","6":"product_cat-non-classe","8":"first","9":"instock","10":"shipping-taxable","11":"purchasable","12":"product-type-simple"},"_links":{"self":[{"href":"https:\/\/mariepierre-terrien.com\/index.php\/wp-json\/wp\/v2\/product\/9029","targetHints":{"allow":["GET"]}}],"collection":[{"href":"https:\/\/mariepierre-terrien.com\/index.php\/wp-json\/wp\/v2\/product"}],"about":[{"href":"https:\/\/mariepierre-terrien.com\/index.php\/wp-json\/wp\/v2\/types\/product"}],"replies":[{"embeddable":true,"href":"https:\/\/mariepierre-terrien.com\/index.php\/wp-json\/wp\/v2\/comments?post=9029"}],"wp:featuredmedia":[{"embeddable":true,"href":"https:\/\/mariepierre-terrien.com\/index.php\/wp-json\/wp\/v2\/media\/9026"}],"wp:attachment":[{"href":"https:\/\/mariepierre-terrien.com\/index.php\/wp-json\/wp\/v2\/media?parent=9029"}],"wp:term":[{"taxonomy":"product_brand","embeddable":true,"href":"https:\/\/mariepierre-terrien.com\/index.php\/wp-json\/wp\/v2\/product_brand?post=9029"},{"taxonomy":"product_cat","embeddable":true,"href":"https:\/\/mariepierre-terrien.com\/index.php\/wp-json\/wp\/v2\/product_cat?post=9029"},{"taxonomy":"product_tag","embeddable":true,"href":"https:\/\/mariepierre-terrien.com\/index.php\/wp-json\/wp\/v2\/product_tag?post=9029"}],"curies":[{"name":"wp","href":"https:\/\/api.w.org\/{rel}","templated":true}]}}