{"id":8692,"date":"2022-04-03T16:43:58","date_gmt":"2022-04-03T14:43:58","guid":{"rendered":"https:\/\/mariepierre-terrien.com\/?page_id=8692"},"modified":"2023-01-17T17:20:57","modified_gmt":"2023-01-17T16:20:57","slug":"richelieu-vu-par-les-hommes-des-lumieres","status":"publish","type":"page","link":"https:\/\/mariepierre-terrien.com\/index.php\/richelieu-vu-par-les-hommes-des-lumieres\/","title":{"rendered":"Richelieu vu par les hommes des Lumi\u00e8res"},"content":{"rendered":"\n<figure class=\"wp-block-image size-full is-style-rounded\"><img loading=\"lazy\" decoding=\"async\" width=\"354\" height=\"448\" src=\"https:\/\/mariepierre-terrien.com\/wp-content\/uploads\/2022\/04\/couverture.jpg\" alt=\"\" class=\"wp-image-8686\" srcset=\"https:\/\/mariepierre-terrien.com\/wp-content\/uploads\/2022\/04\/couverture.jpg 354w, https:\/\/mariepierre-terrien.com\/wp-content\/uploads\/2022\/04\/couverture-237x300.jpg 237w, https:\/\/mariepierre-terrien.com\/wp-content\/uploads\/2022\/04\/couverture-350x443.jpg 350w\" sizes=\"auto, (max-width: 354px) 100vw, 354px\" \/><figcaption class=\"wp-element-caption\">Le cardinal de Richelieu (1585-1642),  mus\u00e9e de Richelieu<\/figcaption><\/figure>\n\n\n\n<p>Dans ses <em>M\u00e9moires<\/em>, le marquis Ren\u00e9 Louis d\u2019Argenson (1694-1757) compare son p\u00e8re, ministre d\u2019Etat, \u00e0 Richelieu : \u00ab De tout ce qui a \u00e9t\u00e9 en place de nos jours, je puis dire que personne n\u2019a plus ressembl\u00e9 au cardinal de Richelieu, que feu mon p\u00e8re&nbsp;\u00bb.<\/p>\n\n\n\n<p>Au 18<sup>e<\/sup> si\u00e8cle, ce regain d\u2019int\u00e9r\u00eat et d\u2019estime pour le cardinal-ministre est favoris\u00e9 par le contexte historique, marqu\u00e9 d\u2019une part par la question de la Maison d\u2019Autriche et d\u2019autre part par les cons\u00e9quences de la r\u00e9vocation de l\u2019Edit de Nantes en 1685. Les affrontements qui d\u00e9chirent l\u2019Europe mettent en lumi\u00e8re la clairvoyance du ministre, sa modernit\u00e9 et sa diplomatie. Il est par ailleurs reconnu comme le d\u00e9fenseur de l\u2019\u00e9quilibre europ\u00e9en et des libert\u00e9s germaniques, et aussi en tant qu\u2019\u00e9conomiste et strat\u00e8ge militaire.<\/p>\n\n\n\n<p><strong><mark class=\"has-inline-color has-black-color\">La question de la Maison d\u2019Autriche<\/mark><\/strong><\/p>\n\n\n\n<p>     <em>La politique de Richelieu et de Mazarin<\/em><\/p>\n\n\n\n<p>Au 17<sup>e<\/sup> si\u00e8cle, les liens entre les Habsbourg d\u2019Espagne et les Habsbourg d\u2019Autriche ont fait craindre la reconstitution d\u2019un vaste Empire. Richelieu surveilla l\u2019extension territoriale des deux grandes puissances de Madrid et de Vienne, afin de contrecarrer leur volont\u00e9 d\u2019h\u00e9g\u00e9monie et de pr\u00e9server l\u2019\u00e9quilibre des forces europ\u00e9ennes.<\/p>\n\n\n\n<p>Soucieux de sauvegarder l\u2019\u0153uvre de son pr\u00e9d\u00e9cesseur, Mazarin \u0153uvra pour que la France continue \u00e0 affaiblir l\u2019aigle autrichien et le lion espagnol. La paix de Westphalie (24 octobre 1648) an\u00e9antit les aspirations \u00e0 la Monarchie universelle des Habsbourg. Le trait\u00e9 de paix des Pyr\u00e9n\u00e9es, sign\u00e9 le 7 novembre 1659, met fin \u00e0 la guerre d\u00e9clar\u00e9e en 1635 dans le cadre de la guerre de Trente Ans. Il est ratifi\u00e9 l\u2019ann\u00e9e suivante par le mariage de Louis XIV et de l\u2019infante Marie-Th\u00e9r\u00e8se, fille a\u00een\u00e9e de Philippe IV d\u2019Espagne.<\/p>\n\n\n\n<p>     <em>Un parti austrophobe en France<\/em><\/p>\n\n\n\n<p>Au 18<sup>e<\/sup> si\u00e8cle, les pr\u00e9tentions de la Maison d\u2019Autriche deviennent une pr\u00e9occupation majeure. Le parti antiautrichien d\u00e9nonce ses vis\u00e9es expansionnistes en Europe. Jean-Louis Favier et le marquis d\u2019Argenson sont des repr\u00e9sentants majeurs de cette austrophobie croissante. Dans les ann\u00e9es 1730, Louis XV et son ministre le cardinal de Fleury suivent le courant austrophobe. Les deux grandes puissances s\u2019affrontent lors de la guerre de Succession de Pologne (1733-1738), puis la guerre de Succession d\u2019Autriche (1740-1748).<\/p>\n\n\n\n<p>Un accord franco-autrichien est finalement d\u00e9cid\u00e9, afin de r\u00e9pliquer au trait\u00e9 anglo-prussien du 16 janvier 1756. Louis XV et Marie-Th\u00e9r\u00e8se signent le trait\u00e9 de Versailles (1<sup>er<\/sup> mai 1756). Mais durant la guerre de Sept Ans (1756-1763), le renversement des alliances suscite la col\u00e8re du parti austrophobe et g\u00e9n\u00e8re de nombreuses critiques. Apr\u00e8s la cuisante d\u00e9faite de la France face \u00e0 la Prusse \u00e0 Rossbach en 1757, le rapprochement avec l\u2019\u00e9ternelle grande ennemie est tenu pour responsable de l\u2019humiliation dont elle est victime durant cette guerre d\u00e9sastreuse.<\/p>\n\n\n\n<p>      <em>Des avis laudatifs sur Richelieu, d\u00e9fenseur de l\u2019\u00e9quilibre europ\u00e9en<\/em><\/p>\n\n\n\n<p>La lutte men\u00e9e un si\u00e8cle plus t\u00f4t par le cardinal-ministre contre les Habsbourg est exploit\u00e9e par le parti antiautrichien, oppos\u00e9 au gouvernement du cardinal de Fleury.<\/p>\n\n\n\n<p>Le marquis d\u2019Argenson d\u00e9nonce la \u00ab&nbsp;faiblesse&nbsp;\u00bb de Fleury \u00ab&nbsp;qui abandonne une politique suivie depuis cent quarante ans et qui prend le contre-pied de ce qu\u2019ont fait Henri IV, le cardinal de Richelieu, Louis XIV et M. de Chauvelin lui-m\u00eame, leur maxime constante ayant \u00e9t\u00e9 de prot\u00e9ger l\u2019empire contre l\u2019empereur, afin d\u2019emp\u00eacher les agrandissements ult\u00e9rieurs de celui-ci&#8230;&nbsp;\u00bb.<\/p>\n\n\n\n<p>En vue de d\u00e9noncer les risques d\u2019une alliance avec l\u2019Autriche, contraire \u00e0 la position de la France depuis le 16<sup>e<\/sup> si\u00e8cle, Jean-Louis Favier se r\u00e9f\u00e8re \u00e0 la conduite prudente et avis\u00e9e de Richelieu, qui a su redresser la politique pro-espagnole orchestr\u00e9e par Marie de M\u00e9dicis&nbsp;et le mar\u00e9chal d\u2019Ancre.<\/p>\n\n\n\n<figure class=\"wp-block-image size-full\"><img loading=\"lazy\" decoding=\"async\" width=\"738\" height=\"590\" src=\"https:\/\/mariepierre-terrien.com\/wp-content\/uploads\/2022\/04\/Figure44-Copie-1.bmp\" alt=\"\" class=\"wp-image-8688\" srcset=\"https:\/\/mariepierre-terrien.com\/wp-content\/uploads\/2022\/04\/Figure44-Copie-1.bmp 738w, https:\/\/mariepierre-terrien.com\/wp-content\/uploads\/2022\/04\/Figure44-Copie-1-300x240.jpg 300w, https:\/\/mariepierre-terrien.com\/wp-content\/uploads\/2022\/04\/Figure44-Copie-1-350x280.jpg 350w\" sizes=\"auto, (max-width: 738px) 100vw, 738px\" \/><figcaption class=\"wp-element-caption\"> Richelieu repr\u00e9sent\u00e9 encha\u00eenant l&rsquo;aigle imp\u00e9rial et le lion espagnol, clich\u00e9 du mus\u00e9e de Richelieu<\/figcaption><\/figure>\n\n\n\n<p><\/p>\n\n\n\n<p><strong><mark class=\"has-inline-color has-black-color\">Richelieu et les princes protestants de l\u2019Empire<\/mark><\/strong><\/p>\n\n\n\n<p>     <em>De Richelieu \u00e0 Louis XIV, un renversement de politique<\/em><\/p>\n\n\n\n<p>Afin de contrecarrer la volont\u00e9 d\u2019h\u00e9g\u00e9monie des Habsbourg, le ministre de Louis XIII n\u2019a pas h\u00e9sit\u00e9 \u00e0 passer des alliances avec les princes allemands \u00ab&nbsp;qui faisaient autrefois contrepoids \u00e0 la grandeur de la Maison d\u2019Autriche&nbsp;\u00bb. Cette habile conciliation a permis de prot\u00e9ger les princes asservis par les Habsbourg, tout en pr\u00e9servant le territoire fran\u00e7ais. Les accords sign\u00e9s par Richelieu avec des \u00ab&nbsp;h\u00e9r\u00e9tiques&nbsp;\u00bb ont \u00e9t\u00e9 tr\u00e8s controvers\u00e9s par les d\u00e9vots rigoristes. Au contraire, la France est apparue \u00e0 ceux qui y \u00e9taient favorables comme la lib\u00e9ratrice des peuples opprim\u00e9s et l\u2019amie de la libert\u00e9.<\/p>\n\n\n\n<p>Mazarin poursuit, l\u00e0 encore dans ce domaine, les n\u00e9gociations de son pr\u00e9d\u00e9cesseur. La Ligue du Rhin, conclue en 1658 avec les princes allemands, est destin\u00e9e \u00e0 maintenir les clauses du trait\u00e9 de Westphalie. Mais apr\u00e8s la mort de Mazarin en 1661, plusieurs conflits arm\u00e9s embrasent l\u2019Europe&nbsp;: la guerre de D\u00e9volution entre la France et l\u2019Espagne (1667-1668, la guerre de Hollande (1672-1678) entach\u00e9e par de multiples massacres et pillages, la guerre de la Ligue d\u2019Augsbourg (1688-1697, la guerre de Succession d\u2019Espagne (1705-1714). Louis XIV est accus\u00e9 de vouloir dominer l\u2019Europe.<\/p>\n\n\n\n<p>Le roi de France suscite par ailleurs la col\u00e8re des princes protestants lorsque, pouss\u00e9 par les d\u00e9vots, il r\u00e9voque l\u2019Edit de Nantes en 1685. L\u2019Allemagne devient une terre de refuge pour les huguenots pers\u00e9cut\u00e9s par le Roi Soleil.<\/p>\n\n\n\n<p>     <em>Des avis \u00e9logieux sur Richelieu, homme d&rsquo;\u00e9tat \u00e0 la politique avis\u00e9e<\/em><\/p>\n\n\n\n<p>En comparaison \u00e0 l\u2019action destructrice de Louis XIV, le gouvernement du cardinal-ministre, tant d\u00e9cri\u00e9 par ses adversaires au si\u00e8cle pr\u00e9c\u00e9dent, est mis en lumi\u00e8re et reconnu \u00e0 sa juste valeur. Richelieu appara\u00eet d\u00e9sormais comme un homme d\u2019Etat tol\u00e9rant dont la politique avis\u00e9e et pleine de bon sens est aux antipodes du fanatisme exacerb\u00e9 par la r\u00e9vocation de l\u2019Edit de Nantes.<\/p>\n\n\n\n<p>Pour le th\u00e9ologien calviniste Pierre Jurieu (1637-1713), le cardinal-ministre fut le g\u00e9nie de la France, car il a r\u00e9ussi \u00e0 lutter contre la Maison d\u2019Autriche, tout en soutenant les princes protestants. Sans son intervention, ils seraient tomb\u00e9s sous le joug de l\u2019empereur. Les hommes des Lumi\u00e8res reprochent \u00e0 Louis XIV son manque de diplomatie et soulignent au contraire les effets heureux de l\u2019action conciliatrice men\u00e9e par le cardinal-ministre, qui eut un cr\u00e9dit immense dans l\u2019Empire.<\/p>\n\n\n\n<figure class=\"wp-block-image size-full is-resized\"><img loading=\"lazy\" decoding=\"async\" src=\"https:\/\/mariepierre-terrien.com\/wp-content\/uploads\/2022\/04\/pe0420-rouge-bache-performance-tarp-tissus-et-tendance-Copie-Copie-Copie-Copie.jpg\" alt=\"\" class=\"wp-image-8689\" width=\"450\" height=\"241\" srcset=\"https:\/\/mariepierre-terrien.com\/wp-content\/uploads\/2022\/04\/pe0420-rouge-bache-performance-tarp-tissus-et-tendance-Copie-Copie-Copie-Copie.jpg 900w, https:\/\/mariepierre-terrien.com\/wp-content\/uploads\/2022\/04\/pe0420-rouge-bache-performance-tarp-tissus-et-tendance-Copie-Copie-Copie-Copie-300x161.jpg 300w, https:\/\/mariepierre-terrien.com\/wp-content\/uploads\/2022\/04\/pe0420-rouge-bache-performance-tarp-tissus-et-tendance-Copie-Copie-Copie-Copie-768x411.jpg 768w, https:\/\/mariepierre-terrien.com\/wp-content\/uploads\/2022\/04\/pe0420-rouge-bache-performance-tarp-tissus-et-tendance-Copie-Copie-Copie-Copie-350x187.jpg 350w\" sizes=\"auto, (max-width: 450px) 100vw, 450px\" \/><\/figure>\n\n\n\n<p><\/p>\n\n\n\n<p><strong><mark class=\"has-inline-color has-black-color\">Richelieu \u00e9conomiste et strat\u00e8ge militaire<\/mark><\/strong><\/p>\n\n\n\n<p>      <em>Richelieu&nbsp;: le d\u00e9veloppement de la marine et du commerce<\/em><\/p>\n\n\n\n<p>\u00ab&nbsp;La puissance des armes requiert non seulement que le Roy soit fort sur la terre, mais aussi qu\u2019il soit puissant sur la mer\u2026&nbsp;\u00bb (<em>Testament politique de Richelieu<\/em>, II, chapitre IX)<\/p>\n\n\n\n<p>Le cardinal-ministre n\u2019a pas seulement marqu\u00e9 les hommes des Lumi\u00e8res par sa diplomatie et son art de la n\u00e9gociation, mais \u00e9galement par les efforts qu\u2019il a d\u00e9ploy\u00e9s pour d\u00e9velopper le pouvoir maritime, afin de faire contrepoids \u00e0 la puissante marine espagnole et hollandaise. Avant son minist\u00e8re, il n\u2019y avait pas de marine royale en France. En cas de guerre, le gouvernement \u00e9tait oblig\u00e9 d\u2019avoir recours \u00e0 des particuliers pour se procurer des navires. L\u2019\u00e9quipement d\u2019une flotte n\u00e9cessitait donc de nombreuses d\u00e9marches et une perte de temps consid\u00e9rable.<\/p>\n\n\n\n<p>Richelieu d\u00e9cida de pourvoir le pays d\u2019une marine militaire qui appartiendrait vraiment \u00e0 l\u2019Etat. De nombreux ports ont \u00e9t\u00e9 fond\u00e9s, tels Brest, Brouage et Toulon. Grand admirateur du cardinal-ministre, Colbert appliquait rigoureusement ses maximes. Il consid\u00e9ra l\u2019\u00e9tablissement d\u2019une marine royale comme l\u2019un des principaux objets de son minist\u00e8re.<\/p>\n\n\n\n<p>Richelieu travailla par ailleurs au d\u00e9veloppement du commerce ext\u00e9rieur de la France, gr\u00e2ce \u00e0 des trait\u00e9s avec la plupart des nations \u00e9trang\u00e8res et \u00e0 la cr\u00e9ation de compagnies pour le commerce colonial.<\/p>\n\n\n\n<p>Il \u0153uvra \u00e9galement pour mettre un terme aux pirateries des Barbaresques en M\u00e9diterran\u00e9e, qui rendaient toute n\u00e9gociation impossible. Dans ce but, il \u00e9tablit en 1626 un <em>r\u00e8glement pour la mer<\/em>, puis il passa des trait\u00e9s avec l\u2019Alg\u00e9rie, la Tunisie et le Maroc. Des exp\u00e9ditions (1624, 1629, 1630) furent lanc\u00e9es sur les c\u00f4tes occidentales d\u2019Afrique, pour lutter contre les corsaires de la ville de Sal\u00e9, qui avaient captur\u00e9 un grand nombre de vaisseaux fran\u00e7ais et r\u00e9duit les matelots \u00e0 l\u2019esclavage.<\/p>\n\n\n\n<p>En 1626, il fonda la Compagnie de Saint-Christophe en Am\u00e9rique, premi\u00e8re compagnie fran\u00e7aise europ\u00e9enne, et d\u00e9veloppa dans les ann\u00e9es suivantes le commerce maritime avec les Indes occidentales. En 1642, il cr\u00e9a la Compagnie des Indes orientales. Dans ce domaine, il fait l\u00e0 encore figure de pr\u00e9curseur, ainsi que le soulignent les hommes des Lumi\u00e8res.<\/p>\n\n\n\n<p>En 1627, Richelieu cr\u00e9a la Compagnie des Cent associ\u00e9s, afin de d\u00e9velopper la Nouvelle France. Champlain fut nomm\u00e9 gouverneur du Canada. Une politique de peuplement et de colonisation fut d\u00e9finie. <\/p>\n\n\n\n<p>Les \u00e9conomistes du 18<sup>e<\/sup> si\u00e8cle soulignent les efforts d\u00e9ploy\u00e9s par le ministre pour inciter la noblesse \u00e0 se tourner vers des activit\u00e9s commerciales et maritimes (sans perdre leur qualit\u00e9 de nobles), id\u00e9e l\u00e0 encore avant-gardiste.<\/p>\n\n\n\n<p>     <em>Richelieu&nbsp;strat\u00e8ge militaire<\/em><\/p>\n\n\n\n<p>Le jeune Armand Jean voulait faire carri\u00e8re dans les armes. Mais son fr\u00e8re Alphonse renon\u00e7a \u00e0 r\u00e9cup\u00e9rer la charge de l\u2019\u00e9v\u00each\u00e9 de Lu\u00e7on et il fut oblig\u00e9 d\u2019entreprendre des \u00e9tudes de th\u00e9ologie, afin de conserver cette source de revenus dans la famille. Mais il n\u2019a pas oubli\u00e9 sa vocation premi\u00e8re. Dans son <em>Testament politique<\/em>, Richelieu consacre un long d\u00e9veloppement \u00e0 la puissance militaire d\u2019un Etat.<\/p>\n\n\n\n<p>La pens\u00e9e strat\u00e9gique \u00e9merge v\u00e9ritablement en Europe au si\u00e8cle des Lumi\u00e8res. La grande tactique est l\u2019art de mener les troupes, qui doivent \u00eatre tr\u00e8s mobiles et surprendre l\u2019ennemi. Les hommes des Lumi\u00e8res vantent alors les id\u00e9es avant-gardistes du cardinal de Richelieu.<\/p>\n\n\n\n<p><\/p>\n\n\n\n<p>D\u00e9savou\u00e9 par nombre de ses contemporains, celui qui a \u00e9t\u00e9 un pr\u00e9curseur dans de nombreux domaines est ainsi bien mieux compris au si\u00e8cle suivant. Les avis \u00e9logieux se multiplient \u00e0 son sujet. On voit en Richelieu \u00e0 la fois le g\u00e9nie politique, le n\u00e9gociateur, le fin strat\u00e8ge&#8230; Les hommes des Lumi\u00e8res c\u00e9l\u00e8brent aussi la prudence et la mod\u00e9ration de Richelieu, lorsqu\u2019il entreprend des r\u00e9formes. Certes, il innove, mais dans le respect des institutions et des usages anciens.<\/p>\n\n\n\n<p>Toutefois, les pamphlets diffamatoires du 17<sup>e<\/sup> si\u00e8cle, qui visaient \u00e0 d\u00e9nigrer Richelieu, ont \u00e9t\u00e9 v\u00e9hicul\u00e9s par plusieurs romanciers du 19<sup>e<\/sup> si\u00e8cle (Alexandre Dumas, Victor Hugo\u2026), qui ont malheureusement discr\u00e9dit\u00e9 l\u2019\u0153uvre du grand homme\u2026<\/p>\n\n\n\n<p>(\u00a9 Marie-Pierre Terrien<\/p>\n\n\n\n<p><strong>Pour en savoir plus<\/strong> : Marie-Pierre Terrien, <em>Richelieu, le cardinal-ministre, sa cit\u00e9 id\u00e9ale, son h<\/em>\u00e9ritage, Editions La Simarre, 2021.<\/p>\n\n\n<div class=\"wp-block-image\">\n<figure class=\"aligncenter size-large is-resized\"><img loading=\"lazy\" decoding=\"async\" src=\"https:\/\/mariepierre-terrien.com\/wp-content\/uploads\/2022\/04\/Fig.-13-Copie-10-1024x899.jpg\" alt=\"\" class=\"wp-image-8772\" width=\"512\" height=\"450\" srcset=\"https:\/\/mariepierre-terrien.com\/wp-content\/uploads\/2022\/04\/Fig.-13-Copie-10-1024x899.jpg 1024w, https:\/\/mariepierre-terrien.com\/wp-content\/uploads\/2022\/04\/Fig.-13-Copie-10-300x263.jpg 300w, https:\/\/mariepierre-terrien.com\/wp-content\/uploads\/2022\/04\/Fig.-13-Copie-10-768x674.jpg 768w, https:\/\/mariepierre-terrien.com\/wp-content\/uploads\/2022\/04\/Fig.-13-Copie-10-350x307.jpg 350w, https:\/\/mariepierre-terrien.com\/wp-content\/uploads\/2022\/04\/Fig.-13-Copie-10.jpg 1030w\" sizes=\"auto, (max-width: 512px) 100vw, 512px\" \/><\/figure>\n<\/div>","protected":false},"excerpt":{"rendered":"<p>Dans ses M\u00e9moires, le marquis Ren\u00e9 Louis d\u2019Argenson (1694-1757) compare son p\u00e8re, ministre d\u2019Etat, \u00e0 Richelieu : \u00ab De tout ce qui a \u00e9t\u00e9 en place de nos jours, je puis dire que personne n\u2019a plus ressembl\u00e9 au cardinal de Richelieu, que feu mon p\u00e8re&nbsp;\u00bb. Au 18e si\u00e8cle, ce regain d\u2019int\u00e9r\u00eat et d\u2019estime pour le &hellip; <\/p>\n<p class=\"link-more\"><a href=\"https:\/\/mariepierre-terrien.com\/index.php\/richelieu-vu-par-les-hommes-des-lumieres\/\" class=\"more-link\">Continuer la lecture<span class=\"screen-reader-text\"> de &laquo;&nbsp;Richelieu vu par les hommes des Lumi\u00e8res&nbsp;&raquo;<\/span><\/a><\/p>\n","protected":false},"author":2,"featured_media":0,"parent":0,"menu_order":0,"comment_status":"closed","ping_status":"closed","template":"","meta":{"footnotes":""},"class_list":["post-8692","page","type-page","status-publish","hentry"],"_links":{"self":[{"href":"https:\/\/mariepierre-terrien.com\/index.php\/wp-json\/wp\/v2\/pages\/8692","targetHints":{"allow":["GET"]}}],"collection":[{"href":"https:\/\/mariepierre-terrien.com\/index.php\/wp-json\/wp\/v2\/pages"}],"about":[{"href":"https:\/\/mariepierre-terrien.com\/index.php\/wp-json\/wp\/v2\/types\/page"}],"author":[{"embeddable":true,"href":"https:\/\/mariepierre-terrien.com\/index.php\/wp-json\/wp\/v2\/users\/2"}],"replies":[{"embeddable":true,"href":"https:\/\/mariepierre-terrien.com\/index.php\/wp-json\/wp\/v2\/comments?post=8692"}],"version-history":[{"count":8,"href":"https:\/\/mariepierre-terrien.com\/index.php\/wp-json\/wp\/v2\/pages\/8692\/revisions"}],"predecessor-version":[{"id":8844,"href":"https:\/\/mariepierre-terrien.com\/index.php\/wp-json\/wp\/v2\/pages\/8692\/revisions\/8844"}],"wp:attachment":[{"href":"https:\/\/mariepierre-terrien.com\/index.php\/wp-json\/wp\/v2\/media?parent=8692"}],"curies":[{"name":"wp","href":"https:\/\/api.w.org\/{rel}","templated":true}]}}