{"id":8649,"date":"2022-04-03T10:06:55","date_gmt":"2022-04-03T08:06:55","guid":{"rendered":"https:\/\/mariepierre-terrien.com\/?page_id=8649"},"modified":"2023-01-17T17:19:55","modified_gmt":"2023-01-17T16:19:55","slug":"the-ideal-city-and-the-chateau-of-richelieu-an-expert-architectural-conception","status":"publish","type":"page","link":"https:\/\/mariepierre-terrien.com\/index.php\/the-ideal-city-and-the-chateau-of-richelieu-an-expert-architectural-conception\/","title":{"rendered":"The ideal city and the ch\u00e2teau of Richelieu: an expert architectural conception"},"content":{"rendered":"\n<h2 class=\"wp-block-heading\"><\/h2>\n\n\n\n<figure class=\"wp-block-image size-full\"><img loading=\"lazy\" decoding=\"async\" width=\"1014\" height=\"678\" src=\"https:\/\/mariepierre-terrien.com\/wp-content\/uploads\/2022\/04\/Fig.-13-Copie-1.jpg\" alt=\"\" class=\"wp-image-8721\" srcset=\"https:\/\/mariepierre-terrien.com\/wp-content\/uploads\/2022\/04\/Fig.-13-Copie-1.jpg 1014w, https:\/\/mariepierre-terrien.com\/wp-content\/uploads\/2022\/04\/Fig.-13-Copie-1-300x201.jpg 300w, https:\/\/mariepierre-terrien.com\/wp-content\/uploads\/2022\/04\/Fig.-13-Copie-1-768x514.jpg 768w, https:\/\/mariepierre-terrien.com\/wp-content\/uploads\/2022\/04\/Fig.-13-Copie-1-350x234.jpg 350w\" sizes=\"auto, (max-width: 767px) 89vw, (max-width: 1000px) 54vw, (max-width: 1071px) 543px, 580px\" \/><figcaption class=\"wp-element-caption\">Tassin, plan of Richelieu, 1634<\/figcaption><\/figure>\n\n\n\n<p>At the beginning of the seventeenth century, in the location of today\u2019s park of Richelieu, was located a castle built by the ancestors of the Cardinal, in a place called <em>Richeloc<\/em>. Attached as he was to the family house where he had passed part of his childhood, Armand Jean du Plessis decided to enlarge the property in about 1625. The former Bishop of Lu\u00e7on had been promoted to Cardinal in 1622; then in 1624 he entered the King\u2019s service as First Minister. The dwelling of his forebears no longer corresponded to his new situation, and his political rise propelled him to towards an ambitious building project, capable of rivalling the most beautiful residences of his age. Furthermore, he took on the construction of a town on an almost virgin site. After the elevation of the title of the <em>Seigeurie de Richelieu<\/em> to the status of <em>Duc et Pair<\/em> in 1631, a distinction accorded to the Cardinal in thanks for his numerous services and in witness of the honour in which he was held, Louis XIII authorised him to create a walled city. The Cardinal invited the population to come and live in his town by announcing numerous privileges, the concession of building plots and the creation of fairs and markets. In addition, the town was to be located on the bank of the river Mable, which would supply the inhabitants with water. A system of sluices allowed the emptying or refilling of both the moats of the castle and the town and this was more or less complete by 1638.<\/p>\n\n\n\n<p>If today the ch\u00e2teau has been destroyed, the town has remained more or less intact, just as it appeared in the seventeenth century. In contrast to other new towns of the same period (e.g. Charleville and Henrichemont) which have been over-built by later constructions, the town of Richelieu constitutes a unique example of the urbanism of the era. It has retained a complete urban ensemble, very little transformed. Furthermore the town of Richelieu and its ch\u00e2teau, linked as they are in the same design and both born of the Cardinal\u2019s ambition, show some interesting details with reference to other urban models; both those prior to it and now to contemporary designs. This innovative and ambitious project was inspired by the architecture and spirit of Antiquity. Ancient Rome had become, since the Renaissance, the city of reference. Architects, sculptors and painters were fascinated by this imperial city and by its antique remains.<\/p>\n\n\n\n<figure class=\"wp-block-image size-large\"><img loading=\"lazy\" decoding=\"async\" width=\"1024\" height=\"682\" src=\"https:\/\/mariepierre-terrien.com\/wp-content\/uploads\/2022\/04\/Vue-aerienne-de-Richelieu-1-1024x682.jpg\" alt=\"\" class=\"wp-image-8650\" srcset=\"https:\/\/mariepierre-terrien.com\/wp-content\/uploads\/2022\/04\/Vue-aerienne-de-Richelieu-1-1024x682.jpg 1024w, https:\/\/mariepierre-terrien.com\/wp-content\/uploads\/2022\/04\/Vue-aerienne-de-Richelieu-1-scaled-350x233.jpg 350w, https:\/\/mariepierre-terrien.com\/wp-content\/uploads\/2022\/04\/Vue-aerienne-de-Richelieu-1-300x200.jpg 300w, https:\/\/mariepierre-terrien.com\/wp-content\/uploads\/2022\/04\/Vue-aerienne-de-Richelieu-1-768x512.jpg 768w, https:\/\/mariepierre-terrien.com\/wp-content\/uploads\/2022\/04\/Vue-aerienne-de-Richelieu-1-1536x1023.jpg 1536w, https:\/\/mariepierre-terrien.com\/wp-content\/uploads\/2022\/04\/Vue-aerienne-de-Richelieu-1-2048x1365.jpg 2048w\" sizes=\"auto, (max-width: 767px) 89vw, (max-width: 1000px) 54vw, (max-width: 1071px) 543px, 580px\" \/><figcaption class=\"wp-element-caption\"><strong><em>Aerial view of the town of Richelieu<\/em><\/strong><\/figcaption><\/figure>\n\n\n\n<p><strong>The town of Richelieu<\/strong><\/p>\n\n\n\n<p>The works started in 1631 and advanced very quickly. By 1638 the streets were already laid out&nbsp;; the market hall, the church and the law court were completed. Jacques Lemercier was put in charge of the Cardinal\u2019s project. This brilliant builder was part of a family of Parisian architects and he had completed his apprenticeship in his fathers own office. Architect, engineer and engraver, he was working on the enlargement of the Louvre. After a stay in Rome, he had been in effect been nominated the official architect of the King. At Richelieu it was he who drew up the plans of the town; his brothers Pierre and Nicholas directed the works on site, while the houses themselves were drawn up by master-builder Jean Barbet. The developer-entrepreneur was Jean Thiriot of Paris and the site was under the scrutiny of Henri d\u2019Escoubleau de Sourdis (formerly Bishop of Maillezais and then from 1628 Archbishop of Bordeaux), who kept the Cardinal informed of the progress of the works. He was supported by Fran\u00e7ois du Carroy, steward of the castle, charged in particular with the payment of the workmen. The <em>Grande Rue<\/em> which runs the length of the town comprises twenty-eight identical mansions, in a classical style typical of the beginning of the 17th century. Each fa\u00e7ade is composed of five vertical bays of windows across two levels.<\/p>\n\n\n\n<figure class=\"wp-block-image size-large\"><img loading=\"lazy\" decoding=\"async\" width=\"1024\" height=\"683\" src=\"https:\/\/mariepierre-terrien.com\/wp-content\/uploads\/2022\/04\/93.-Ville-de-Richelieu-hotels-particuliers-de-la-Grande-Rue-1-1024x683.jpg\" alt=\"\" class=\"wp-image-8651\" srcset=\"https:\/\/mariepierre-terrien.com\/wp-content\/uploads\/2022\/04\/93.-Ville-de-Richelieu-hotels-particuliers-de-la-Grande-Rue-1-1024x683.jpg 1024w, https:\/\/mariepierre-terrien.com\/wp-content\/uploads\/2022\/04\/93.-Ville-de-Richelieu-hotels-particuliers-de-la-Grande-Rue-1-scaled-350x233.jpg 350w, https:\/\/mariepierre-terrien.com\/wp-content\/uploads\/2022\/04\/93.-Ville-de-Richelieu-hotels-particuliers-de-la-Grande-Rue-1-300x200.jpg 300w, https:\/\/mariepierre-terrien.com\/wp-content\/uploads\/2022\/04\/93.-Ville-de-Richelieu-hotels-particuliers-de-la-Grande-Rue-1-768x512.jpg 768w, https:\/\/mariepierre-terrien.com\/wp-content\/uploads\/2022\/04\/93.-Ville-de-Richelieu-hotels-particuliers-de-la-Grande-Rue-1-1536x1024.jpg 1536w, https:\/\/mariepierre-terrien.com\/wp-content\/uploads\/2022\/04\/93.-Ville-de-Richelieu-hotels-particuliers-de-la-Grande-Rue-1-2048x1365.jpg 2048w\" sizes=\"auto, (max-width: 767px) 89vw, (max-width: 1000px) 54vw, (max-width: 1071px) 543px, 580px\" \/><figcaption class=\"wp-element-caption\"><strong><em>Richelieu, houses on the Grande Rue (clich\u00e9 Jean-Louis Laurence)<\/em><\/strong><\/figcaption><\/figure>\n\n\n\n<p>The owners were obliged to make all the fa\u00e7ades in the same fashion, as the mansions of the <em>Grand Rue<\/em> had to be built in conformity to a specification established on the instruction of the Cardinal: house walls and other rubble stone walls rendered, corner stonework and masonry stringcourses of white stone, an imposing carriage door to be surmounted with a pediment, and the mansion roofed in slates. The criteria of unity and regularity, adopted under Henri IV for Parisian squares filled with identical mansions, here found their continuation. But in Richelieu it was applied to mansions built for eminent citizens without any other commercial function. The street level was thus stripped of its boutiques and the covered galleries to shelter them, such a can be seen on<em> Place des Vosges <\/em>in Paris. Richelieu has also retained its enclosure wall bordered with ditches, and three town gates survive from the original six. Two were situated on the axis of the Grande Rue and four others at the extremities of the two streets at right angles, which cross the two squares. The role of the enclosure wall, inherited from antique and mediaeval towns, is more symbolic than defensive. Ever since Antiquity, ramparts, in addition to their protective functions, gave an impression of strength to their town, which was to be judged from the monumentality of its enclosure and the beauty of its gates.<\/p>\n\n\n\n<p>The town of Richelieu offers something particular and unique for the era: the presence of two squares of equal importance, <em>la place du March\u00e9 <\/em>(the market square) and <em>la place des Religieuses<\/em> (the nun\u2019s square), and the fact of their being situated at an equal distance from the median <em>rue Traversi\u00e8re<\/em> (cross street). In the 17th century they were both decorated at their centre point by a fountain and they were then called <em>Place Cardinale<\/em> and <em>Place Royale <\/em>respectively<em>.<\/em> Thus the two fundamentals of French political power, incarnated by Cardinal de Richelieu as First Minister, and Louis XIII as Head of State, seem to have been translated into the plan of the town. However if the two squares are identical, the<em> place du Cardinal<\/em> was occupied by the church, the market building and the present town hall (originally the law court). Today this square is the still the more lively as many shops are still located there.<\/p>\n\n\n\n<p>The plan of Richelieu is a total break with the <em>ville id\u00e9ale<\/em> as conceived in the Renaissance, formed around a centre and organised in accordance with a \u2018radio-centric\u2019 spider\u2019s web plan, articulated on the principal of symmetry. In the middle of the 15th century Antonio di Pietro Averlino, known as Filarete (1396-1465) the author of a treatise on architecture, illustrated in a sketch the theory of this type of perfect city, <em>la Sforzinda<\/em>.<\/p>\n\n\n\n<p><strong>Duality and centrality \u2013 Axial perspective<\/strong><\/p>\n\n\n\n<p>The plan of the town of Richelieu, which is organised around two squares, worried and disorientated the visitors of the period. Richelieu\u2019s unique plan deserves careful consideration. It is elongated and the enclosing wall was pierced by six gates, whereas traditionally there would be only four, each sited facing the four points of the compass.<\/p>\n\n\n\n<p>Richelieu presents in effect a fundamental difference in comparison with previous urban models or to contemporary star-based systems, influenced as they were by the perspectives of the painters of the Renaissance, with a vanishing point onto which all lines converge. The axial perspective, which permits the line of sight to traverse the town from end to end without being obstructed by any obstacle, is an unique aspect of the urbanism of Richelieu. The axial perspective links up with this tradition of Antiquity, and is in contrast to the radio-centric urban models of the Renaissance in which all the lines converge on a single point. Furthermore, axial perspective allowed the symbolic association of the King and his Principal Minister on a single axis, and so to impress on the plan of the town their direct collaboration and their \u2018two-headed\u2019 monarchy. Louis XIII had need of a minister fretful of the <em>grandeur<\/em> of the state, and inversely, Richelieu was nothing without the King himself. So this axiality came to be a sort of \u2018ideological\u2019 perspective.<\/p>\n\n\n\n<p><strong>The ch\u00e2teau of Richelieu<\/strong><\/p>\n\n\n\n<figure class=\"wp-block-image size-large\"><img loading=\"lazy\" decoding=\"async\" width=\"1024\" height=\"438\" src=\"https:\/\/mariepierre-terrien.com\/wp-content\/uploads\/2022\/04\/Richelieu-chateau-1-1024x438.jpg\" alt=\"\" class=\"wp-image-8652\" srcset=\"https:\/\/mariepierre-terrien.com\/wp-content\/uploads\/2022\/04\/Richelieu-chateau-1-1024x438.jpg 1024w, https:\/\/mariepierre-terrien.com\/wp-content\/uploads\/2022\/04\/Richelieu-chateau-1-scaled-350x150.jpg 350w, https:\/\/mariepierre-terrien.com\/wp-content\/uploads\/2022\/04\/Richelieu-chateau-1-300x128.jpg 300w, https:\/\/mariepierre-terrien.com\/wp-content\/uploads\/2022\/04\/Richelieu-chateau-1-768x329.jpg 768w, https:\/\/mariepierre-terrien.com\/wp-content\/uploads\/2022\/04\/Richelieu-chateau-1-1536x657.jpg 1536w, https:\/\/mariepierre-terrien.com\/wp-content\/uploads\/2022\/04\/Richelieu-chateau-1-2048x876.jpg 2048w\" sizes=\"auto, (max-width: 767px) 89vw, (max-width: 1000px) 54vw, (max-width: 1071px) 543px, 580px\" \/><figcaption class=\"wp-element-caption\"><strong><em>The ch\u00e2teau of Richelieu (Jean Marot)<\/em><\/strong><\/figcaption><\/figure>\n\n\n\n<p>The start of enlargment works on the pre-existing ch\u00e2teau started from 1625, of which certain rooms were were to be integrated into the new ch\u00e2teau under the direction of Jean Roger de la Marbeli\u00e8re. Then in 1630 the plans prepared by Jacques Lemercier for the construction of the <em>ch\u00e2teau de Richelieu<\/em> were definitively approved by the Cardinal and the construction of the central body of the castle could finally start. The works advanced quickly, from 1636 they continued with the construction of the common works and the grand entry. Architects, painters and sculptors worked actively on the realisation of this marvellous palace. By 1640 the ch\u00e2teau was almost finished.<\/p>\n\n\n\n<p>Unfortunately, the <a>ch\u00e2teau <\/a>of Richelieu was destroyed in the first quarter of the nineteenth century, and in unthinkable conditions\u2026 It was bought in 1805 for 153,700 francs by Joseph Alexandre Boutron. He cut it to pieces stone by stone across a period of forty years and dispersed all the furniture and fittings from it. The park itself finished up being subdivided into plot pieces. The ch\u00e2teau is however well known about as a result of the many plans and engravings (including those of Marot and P\u00e9relle), made after the completion of the ch\u00e2teau, and also by a very precise seventeenth century description written by B. Vignier, former governor of the ch\u00e2teau.<\/p>\n\n\n\n<p>The main entry was in the form of a semi-cycle into which arrived three avenues, and located in the West, on the road to Braye-sous-Faye. This entrance, flanked by two pavilions, is one of the few remnants still existing of this magnificent palace. It opened into a vast outer courtyard <em>(avant-cour)<\/em> 144 metres long, bordered by two back courtyards <em>(arri\u00e8re-cour) <\/em>occupied by service buildings of which the stables could house a hundred horses. The narrowerinner courtyard<em> (anti-cour)<\/em> was flanked by two wings, each including an centrepiece (<em>avant-corps<\/em>) covered with a dome, and a pavilion at each extremity. The <em>avant-corps <\/em>of the right-hand wing still exists, now being called The Dome. The main ch\u00e2teau (the site is today a rose garden) is surrounded by a moat, formed a square of about 80 x 80 metres of which the corners were reinforced.<\/p>\n\n\n\n<p>Once the bridge had been crossed, one arrived at a two-level <em>aedicule <\/em>surmounted by a <em>Renomm\u00e9e <\/em>(a renown) in bronze, which gave access to the internal ch\u00e2teau courtyard. At the upper level is a statue of Louis XIII by Gilles Berthelot, flanked by two rostral columns. On the courtyard side, the initials of the Cardinal are inscribed on the <em>metopes<\/em>: I A D P C D D R (Iean Armand Du Plessis Cardinal Duc de Richelieu). The entry gate-of-honour faced a domed central pavilion situated on far side of the court situated on the same axis, accommodating a monumental staircase, which allowed one access to the main first-floor apartments.<\/p>\n\n\n\n<figure class=\"wp-block-image size-full is-resized\"><img loading=\"lazy\" decoding=\"async\" src=\"https:\/\/mariepierre-terrien.com\/wp-content\/uploads\/2022\/04\/Richelieu-Porte-dhonneur-du-chateau-de-Richelieu-a-1.jpg\" alt=\"\" class=\"wp-image-8653\" width=\"551\" height=\"733\" srcset=\"https:\/\/mariepierre-terrien.com\/wp-content\/uploads\/2022\/04\/Richelieu-Porte-dhonneur-du-chateau-de-Richelieu-a-1.jpg 735w, https:\/\/mariepierre-terrien.com\/wp-content\/uploads\/2022\/04\/Richelieu-Porte-dhonneur-du-chateau-de-Richelieu-a-1-350x465.jpg 350w, https:\/\/mariepierre-terrien.com\/wp-content\/uploads\/2022\/04\/Richelieu-Porte-dhonneur-du-chateau-de-Richelieu-a-1-226x300.jpg 226w\" sizes=\"auto, (max-width: 551px) 100vw, 551px\" \/><figcaption class=\"wp-element-caption\"><strong><em>Entry pavillon of the ch\u00e2teau (Jean Marot)<\/em><\/strong><\/figcaption><\/figure>\n\n\n\n<p>The fa\u00e7ades were decorated with sculptures in niches representing Roman divinities and famous Roman emperors. The Cardinal was a great collector. From 1633 he made numerous antiquities arrive from Italy and Greece.<\/p>\n\n\n\n<figure class=\"wp-block-image size-large is-resized\"><img loading=\"lazy\" decoding=\"async\" src=\"https:\/\/mariepierre-terrien.com\/wp-content\/uploads\/2022\/04\/Richelieu-Facades-du-chateau-Marot-1-684x1024.jpg\" alt=\"\" class=\"wp-image-8654\" width=\"513\" height=\"768\" srcset=\"https:\/\/mariepierre-terrien.com\/wp-content\/uploads\/2022\/04\/Richelieu-Facades-du-chateau-Marot-1-684x1024.jpg 684w, https:\/\/mariepierre-terrien.com\/wp-content\/uploads\/2022\/04\/Richelieu-Facades-du-chateau-Marot-1-scaled-350x524.jpg 350w, https:\/\/mariepierre-terrien.com\/wp-content\/uploads\/2022\/04\/Richelieu-Facades-du-chateau-Marot-1-201x300.jpg 201w, https:\/\/mariepierre-terrien.com\/wp-content\/uploads\/2022\/04\/Richelieu-Facades-du-chateau-Marot-1-768x1149.jpg 768w, https:\/\/mariepierre-terrien.com\/wp-content\/uploads\/2022\/04\/Richelieu-Facades-du-chateau-Marot-1-1027x1536.jpg 1027w, https:\/\/mariepierre-terrien.com\/wp-content\/uploads\/2022\/04\/Richelieu-Facades-du-chateau-Marot-1-1369x2048.jpg 1369w, https:\/\/mariepierre-terrien.com\/wp-content\/uploads\/2022\/04\/Richelieu-Facades-du-chateau-Marot-1-scaled.jpg 1711w\" sizes=\"auto, (max-width: 513px) 100vw, 513px\" \/><figcaption class=\"wp-element-caption\"><strong><em>Elevation of a fa\u00e7ade of the ch\u00e2teau (Jean Marot)<\/em><\/strong><\/figcaption><\/figure>\n\n\n\n<p>Behind the ch\u00e2teau stretched out parterres ornamented by antiquities, finishing with a semi-cycle which made an echo of the one at the principal entrance and which was flanked left and right by two ornamented <em>grottos <\/em>(which still exist today). One is used as the cellar of the ch\u00e2teau and the other for the orangery. The garden side parterres were cut by a transverse axis, a wide canal fed from the Mable river. Beyond the domesticated nature of the gardens stretched out <em>le parc,<\/em> traversed by a long all\u00e9e that extended the entry axis and with it formed a single straight line. The main axis and the transverse canal constitute the main armature of the ch\u00e2teau; they gave amplitude, equilibrium and majesty to the composition which associated the gardens, the water, and the architecture.<\/p>\n\n\n\n<p>The semi-cycle demarcating the parterres was decorated by antiquities located in the niches in the greenery representing the gods (<em>Bacchus, Pallas, Mars, Apollo, Diana<\/em>\u2026) and Roman emperors (<em>Marcus Aurelius, Vitellius<\/em>\u2026).&nbsp; From the semi-cycle, the entry to <em>le parc<\/em> situated beyond the gardens is formed of triple wrought-iron gates with clear openings.<\/p>\n\n\n\n<figure class=\"wp-block-image size-full\"><img loading=\"lazy\" decoding=\"async\" width=\"1000\" height=\"291\" src=\"https:\/\/mariepierre-terrien.com\/wp-content\/uploads\/2022\/04\/Richelieu-Demi-lune-du-chateau-de-Richelieu-1.jpg\" alt=\"\" class=\"wp-image-8655\" srcset=\"https:\/\/mariepierre-terrien.com\/wp-content\/uploads\/2022\/04\/Richelieu-Demi-lune-du-chateau-de-Richelieu-1.jpg 1000w, https:\/\/mariepierre-terrien.com\/wp-content\/uploads\/2022\/04\/Richelieu-Demi-lune-du-chateau-de-Richelieu-1-350x102.jpg 350w, https:\/\/mariepierre-terrien.com\/wp-content\/uploads\/2022\/04\/Richelieu-Demi-lune-du-chateau-de-Richelieu-1-300x87.jpg 300w, https:\/\/mariepierre-terrien.com\/wp-content\/uploads\/2022\/04\/Richelieu-Demi-lune-du-chateau-de-Richelieu-1-768x223.jpg 768w\" sizes=\"auto, (max-width: 767px) 89vw, (max-width: 1000px) 54vw, (max-width: 1071px) 543px, 580px\" \/><figcaption class=\"wp-element-caption\"><strong><em>Semi-cycle demarcating the parterres of the ch\u00e2teau of Richelieu (Jean Marot)<\/em><\/strong><br>&nbsp;<\/figcaption><\/figure>\n\n\n\n<p>The ch\u00e2teau main entry gate pavilion was formed of six pillars each crowned with a bust of one of the six emperors&nbsp;(Augustus, Claudius, Hadrian, Otho, Titus and Drusus). These antiques were situated in the axis of the entry-gate of the ch\u00e2teau, where on one face there was a statue of Louis XIII and on the other the initials of Cardinal Richelieu. The two-headed power that linked Louis XIII and Cardinal Richelieu we not simply transposed into the plan of the town. Here, the King and his Minister were again reunited, like two faces of the same medallion. Furthermore the axial perspective arrangement permitted one to directly associate Louis XIII and his Minister with gods and Roman emperors all within a <em>grandiose<\/em> theatrical setting.<\/p>\n\n\n\n<p>This architectural and iconographic programme has been visibly influenced by Roman architectural models, such as the Theatre of Pompey and the Imperial Fora. Although the systematic excavations of the Theatre of Pompey were not realised until the nineteenth century, it was nonetheless roughly understood by the architects of the Renaissance and of the seventeenth century as a result of the discovery of the Plans of Rome <em>(Forma Urbis Romae)<\/em> drawn a little after 200 A.D. The plan of the Theatre of Pompey had been conserved and was found among the plan\u2019s fragments in 1542. Furthermore this particular edifice was revolutionary as it was the premier permanent theatre in Rome and is mentioned by numerous historians of Antiquity including Cicero, Pliny and <a>Aulus-Gell<\/a>ius.<\/p>\n\n\n\n<p>This \u2018town-park\u2019 evokes the gardens of Antiquity, such as the <em>villa<\/em> of Hadrian at Tivoli, or the ancient Tibur, and reflects the taste of the ancients for the countryside arranged in an expert way. As at the <em>villa <\/em>of Hadrian, the ch\u00e2teau of Richelieu was integrated into a frame of greenery, where the landscape, architecture and water were mixed, and in which were to be the reflections of antique statuary.<\/p>\n\n\n\n<p> \u00a9 Marie-Pierre Terrien<\/p>\n\n\n\n<p><strong>To know more :<\/strong><\/p>\n\n\n\n<p>Marie-Pierre Terrien, <em>The Ideal City and the ch\u00e2teau of Richelieu. An expert architectural conception<\/em>, Cholet, Editions Pays et Terroirs, 2008 (translated by H. L. Copping)&nbsp;<\/p>\n\n\n<div class=\"wp-block-image\">\n<figure class=\"aligncenter size-large is-resized\"><img loading=\"lazy\" decoding=\"async\" src=\"https:\/\/mariepierre-terrien.com\/wp-content\/uploads\/2022\/04\/Fig.-13-Copie-8-1024x899.jpg\" alt=\"\" class=\"wp-image-8766\" width=\"512\" height=\"450\" srcset=\"https:\/\/mariepierre-terrien.com\/wp-content\/uploads\/2022\/04\/Fig.-13-Copie-8-1024x899.jpg 1024w, https:\/\/mariepierre-terrien.com\/wp-content\/uploads\/2022\/04\/Fig.-13-Copie-8-300x263.jpg 300w, https:\/\/mariepierre-terrien.com\/wp-content\/uploads\/2022\/04\/Fig.-13-Copie-8-768x674.jpg 768w, https:\/\/mariepierre-terrien.com\/wp-content\/uploads\/2022\/04\/Fig.-13-Copie-8-350x307.jpg 350w, https:\/\/mariepierre-terrien.com\/wp-content\/uploads\/2022\/04\/Fig.-13-Copie-8.jpg 1030w\" sizes=\"auto, (max-width: 512px) 100vw, 512px\" \/><\/figure>\n<\/div>","protected":false},"excerpt":{"rendered":"<p>At the beginning of the seventeenth century, in the location of today\u2019s park of Richelieu, was located a castle built by the ancestors of the Cardinal, in a place called Richeloc. Attached as he was to the family house where he had passed part of his childhood, Armand Jean du Plessis decided to enlarge the &hellip; <\/p>\n<p class=\"link-more\"><a href=\"https:\/\/mariepierre-terrien.com\/index.php\/the-ideal-city-and-the-chateau-of-richelieu-an-expert-architectural-conception\/\" class=\"more-link\">Continuer la lecture<span class=\"screen-reader-text\"> de &laquo;&nbsp;The ideal city and the ch\u00e2teau of Richelieu: an expert architectural conception&nbsp;&raquo;<\/span><\/a><\/p>\n","protected":false},"author":2,"featured_media":0,"parent":0,"menu_order":0,"comment_status":"closed","ping_status":"closed","template":"","meta":{"footnotes":""},"class_list":["post-8649","page","type-page","status-publish","hentry"],"_links":{"self":[{"href":"https:\/\/mariepierre-terrien.com\/index.php\/wp-json\/wp\/v2\/pages\/8649","targetHints":{"allow":["GET"]}}],"collection":[{"href":"https:\/\/mariepierre-terrien.com\/index.php\/wp-json\/wp\/v2\/pages"}],"about":[{"href":"https:\/\/mariepierre-terrien.com\/index.php\/wp-json\/wp\/v2\/types\/page"}],"author":[{"embeddable":true,"href":"https:\/\/mariepierre-terrien.com\/index.php\/wp-json\/wp\/v2\/users\/2"}],"replies":[{"embeddable":true,"href":"https:\/\/mariepierre-terrien.com\/index.php\/wp-json\/wp\/v2\/comments?post=8649"}],"version-history":[{"count":4,"href":"https:\/\/mariepierre-terrien.com\/index.php\/wp-json\/wp\/v2\/pages\/8649\/revisions"}],"predecessor-version":[{"id":8842,"href":"https:\/\/mariepierre-terrien.com\/index.php\/wp-json\/wp\/v2\/pages\/8649\/revisions\/8842"}],"wp:attachment":[{"href":"https:\/\/mariepierre-terrien.com\/index.php\/wp-json\/wp\/v2\/media?parent=8649"}],"curies":[{"name":"wp","href":"https:\/\/api.w.org\/{rel}","templated":true}]}}