{"id":147,"date":"2017-09-26T15:30:23","date_gmt":"2017-09-26T13:30:23","guid":{"rendered":"http:\/\/mariepierre-terrien.com\/?page_id=147"},"modified":"2022-04-09T10:32:52","modified_gmt":"2022-04-09T08:32:52","slug":"visites-guidees","status":"publish","type":"page","link":"https:\/\/mariepierre-terrien.com\/index.php\/visites-guidees\/","title":{"rendered":"Visites guid\u00e9es"},"content":{"rendered":"<p><strong>Visites guid\u00e9es propos\u00e9es par Marie-Pierre Terrien\u00a0 dans le Pays de Richelieu<\/strong><\/p>\n<ul>\n<li>la ville de Richelieu, cit\u00e9 du Cardinal, mod\u00e8le d&rsquo;urbanisme du XVIIe si\u00e8cle. Contact : Office de Tourisme \u00ab\u00a0Azay Chinon Val de Loire\u00a0\u00bb, bureau de Richelieu-02 47 58 13 62<\/li>\n<li>la Sainte-Chapelle de Champigny-sur-Veude, petite-fille de la Sainte-Chapelle de Paris, et ses vitraux Renaissance exceptionnels. <em>Edifice ferm\u00e9 actuellement \u00e0 la visite .<\/em><\/li>\n<li>\u00a0la coll\u00e9giale de Faye-la-Vineuse, p\u00f4le religieux du Pays de Richelieu au Moyen-Age. Contact : Office de Tourisme \u00ab\u00a0Azay Chinon Val de Loire\u00a0\u00bb, bureau de Richelieu-02 47 58 13 62<\/li>\n<\/ul>\n<hr \/>\n<p>\u00a0<\/p>\n<hr \/>\n\n\n<p>Le Pays de Richelieu en images (photos MP Terrien)<\/p>\n\n\n\n<figure class=\"wp-block-image size-full\"><img loading=\"lazy\" decoding=\"async\" width=\"980\" height=\"735\" src=\"https:\/\/mariepierre-terrien.com\/wp-content\/uploads\/2022\/04\/Richelieu-le-mur-denceinte-vu-du-nord-ouest.jpg\" alt=\"\" class=\"wp-image-8746\" srcset=\"https:\/\/mariepierre-terrien.com\/wp-content\/uploads\/2022\/04\/Richelieu-le-mur-denceinte-vu-du-nord-ouest.jpg 980w, https:\/\/mariepierre-terrien.com\/wp-content\/uploads\/2022\/04\/Richelieu-le-mur-denceinte-vu-du-nord-ouest-300x225.jpg 300w, https:\/\/mariepierre-terrien.com\/wp-content\/uploads\/2022\/04\/Richelieu-le-mur-denceinte-vu-du-nord-ouest-768x576.jpg 768w, https:\/\/mariepierre-terrien.com\/wp-content\/uploads\/2022\/04\/Richelieu-le-mur-denceinte-vu-du-nord-ouest-350x263.jpg 350w\" sizes=\"auto, (max-width: 767px) 89vw, (max-width: 1000px) 54vw, (max-width: 1071px) 543px, 580px\" \/><figcaption>Richelieu, remarquable mod\u00e8le d&rsquo;urbanisme du 17e si\u00e8cle :  le mur d&rsquo;enceinte vu du nord-ouest<\/figcaption><\/figure>\n\n\n\n<figure class=\"wp-block-image size-large\"><img loading=\"lazy\" decoding=\"async\" width=\"1024\" height=\"683\" src=\"https:\/\/mariepierre-terrien.com\/wp-content\/uploads\/2022\/04\/Fig.-16-bis-1024x683.jpg\" alt=\"\" class=\"wp-image-8750\" srcset=\"https:\/\/mariepierre-terrien.com\/wp-content\/uploads\/2022\/04\/Fig.-16-bis-1024x683.jpg 1024w, https:\/\/mariepierre-terrien.com\/wp-content\/uploads\/2022\/04\/Fig.-16-bis-300x200.jpg 300w, https:\/\/mariepierre-terrien.com\/wp-content\/uploads\/2022\/04\/Fig.-16-bis-768x512.jpg 768w, https:\/\/mariepierre-terrien.com\/wp-content\/uploads\/2022\/04\/Fig.-16-bis-1536x1024.jpg 1536w, https:\/\/mariepierre-terrien.com\/wp-content\/uploads\/2022\/04\/Fig.-16-bis-2048x1365.jpg 2048w, https:\/\/mariepierre-terrien.com\/wp-content\/uploads\/2022\/04\/Fig.-16-bis-350x233.jpg 350w\" sizes=\"auto, (max-width: 767px) 89vw, (max-width: 1000px) 54vw, (max-width: 1071px) 543px, 580px\" \/><figcaption>Richelieu, Notre-Dame de l&rsquo;Assomption, \u00e9glise unique dans la r\u00e9gion<\/figcaption><\/figure>\n\n\n\n<figure class=\"wp-block-image size-full\"><img loading=\"lazy\" decoding=\"async\" width=\"908\" height=\"681\" src=\"https:\/\/mariepierre-terrien.com\/wp-content\/uploads\/2022\/04\/Les-halles-de-Richelieu.jpg\" alt=\"\" class=\"wp-image-8749\" srcset=\"https:\/\/mariepierre-terrien.com\/wp-content\/uploads\/2022\/04\/Les-halles-de-Richelieu.jpg 908w, https:\/\/mariepierre-terrien.com\/wp-content\/uploads\/2022\/04\/Les-halles-de-Richelieu-300x225.jpg 300w, https:\/\/mariepierre-terrien.com\/wp-content\/uploads\/2022\/04\/Les-halles-de-Richelieu-768x576.jpg 768w, https:\/\/mariepierre-terrien.com\/wp-content\/uploads\/2022\/04\/Les-halles-de-Richelieu-350x263.jpg 350w\" sizes=\"auto, (max-width: 767px) 89vw, (max-width: 1000px) 54vw, (max-width: 1071px) 543px, 580px\" \/><figcaption>Richelieu, les imposantes halles du 17e si\u00e8cle<\/figcaption><\/figure>\n\n\n\n<figure class=\"wp-block-image size-full\"><img loading=\"lazy\" decoding=\"async\" width=\"794\" height=\"940\" src=\"https:\/\/mariepierre-terrien.com\/wp-content\/uploads\/2022\/04\/Fig.-30.jpg\" alt=\"\" class=\"wp-image-8753\" srcset=\"https:\/\/mariepierre-terrien.com\/wp-content\/uploads\/2022\/04\/Fig.-30.jpg 794w, https:\/\/mariepierre-terrien.com\/wp-content\/uploads\/2022\/04\/Fig.-30-253x300.jpg 253w, https:\/\/mariepierre-terrien.com\/wp-content\/uploads\/2022\/04\/Fig.-30-768x909.jpg 768w, https:\/\/mariepierre-terrien.com\/wp-content\/uploads\/2022\/04\/Fig.-30-350x414.jpg 350w\" sizes=\"auto, (max-width: 767px) 89vw, (max-width: 1000px) 54vw, (max-width: 1071px) 543px, 580px\" \/><figcaption>Richelieu, h\u00f4tel particulier de la Grande Rue, 17e si\u00e8cle<\/figcaption><\/figure>\n\n\n\n<figure class=\"wp-block-image size-large\"><img loading=\"lazy\" decoding=\"async\" width=\"1024\" height=\"686\" src=\"https:\/\/mariepierre-terrien.com\/wp-content\/uploads\/2022\/04\/1.-Chapelle-Saint-Louis-avant-demontage-des-pinacles-1024x686.jpg\" alt=\"\" class=\"wp-image-8751\" srcset=\"https:\/\/mariepierre-terrien.com\/wp-content\/uploads\/2022\/04\/1.-Chapelle-Saint-Louis-avant-demontage-des-pinacles-1024x686.jpg 1024w, https:\/\/mariepierre-terrien.com\/wp-content\/uploads\/2022\/04\/1.-Chapelle-Saint-Louis-avant-demontage-des-pinacles-300x201.jpg 300w, https:\/\/mariepierre-terrien.com\/wp-content\/uploads\/2022\/04\/1.-Chapelle-Saint-Louis-avant-demontage-des-pinacles-768x514.jpg 768w, https:\/\/mariepierre-terrien.com\/wp-content\/uploads\/2022\/04\/1.-Chapelle-Saint-Louis-avant-demontage-des-pinacles-1536x1028.jpg 1536w, https:\/\/mariepierre-terrien.com\/wp-content\/uploads\/2022\/04\/1.-Chapelle-Saint-Louis-avant-demontage-des-pinacles-350x234.jpg 350w, https:\/\/mariepierre-terrien.com\/wp-content\/uploads\/2022\/04\/1.-Chapelle-Saint-Louis-avant-demontage-des-pinacles.jpg 1840w\" sizes=\"auto, (max-width: 767px) 89vw, (max-width: 1000px) 54vw, (max-width: 1071px) 543px, 580px\" \/><figcaption>La Sainte-Chapelle de Champigny-sur-Veude,  un \u00e9difice exceptionnel !<\/figcaption><\/figure>\n\n\n\n<figure class=\"wp-block-image size-full is-resized\"><img loading=\"lazy\" decoding=\"async\" src=\"https:\/\/mariepierre-terrien.com\/wp-content\/uploads\/2022\/04\/Saint-Louis.jpg\" alt=\"\" class=\"wp-image-8747\" width=\"461\" height=\"682\" srcset=\"https:\/\/mariepierre-terrien.com\/wp-content\/uploads\/2022\/04\/Saint-Louis.jpg 614w, https:\/\/mariepierre-terrien.com\/wp-content\/uploads\/2022\/04\/Saint-Louis-203x300.jpg 203w, https:\/\/mariepierre-terrien.com\/wp-content\/uploads\/2022\/04\/Saint-Louis-350x518.jpg 350w\" sizes=\"auto, (max-width: 461px) 100vw, 461px\" \/><figcaption>La Sainte-Chapelle de Champigny-sur-Veude, les plus beaux vitraux Renaissance de France <\/figcaption><\/figure>\n\n\n\n<figure class=\"wp-block-image size-full\"><img loading=\"lazy\" decoding=\"async\" width=\"909\" height=\"614\" src=\"https:\/\/mariepierre-terrien.com\/wp-content\/uploads\/2022\/04\/Sainte-Chapelle-de-Champigny-La-Translation-des-reliques-de-la-Passion.jpg\" alt=\"\" class=\"wp-image-8748\" srcset=\"https:\/\/mariepierre-terrien.com\/wp-content\/uploads\/2022\/04\/Sainte-Chapelle-de-Champigny-La-Translation-des-reliques-de-la-Passion.jpg 909w, https:\/\/mariepierre-terrien.com\/wp-content\/uploads\/2022\/04\/Sainte-Chapelle-de-Champigny-La-Translation-des-reliques-de-la-Passion-300x203.jpg 300w, https:\/\/mariepierre-terrien.com\/wp-content\/uploads\/2022\/04\/Sainte-Chapelle-de-Champigny-La-Translation-des-reliques-de-la-Passion-768x519.jpg 768w, https:\/\/mariepierre-terrien.com\/wp-content\/uploads\/2022\/04\/Sainte-Chapelle-de-Champigny-La-Translation-des-reliques-de-la-Passion-350x236.jpg 350w\" sizes=\"auto, (max-width: 767px) 89vw, (max-width: 1000px) 54vw, (max-width: 1071px) 543px, 580px\" \/><figcaption>Sainte-Chapelle de Champigny-sur-Veude,  la 3e verri\u00e8re<\/figcaption><\/figure>\n\n\n\n<figure class=\"wp-block-image size-full\"><img loading=\"lazy\" decoding=\"async\" width=\"306\" height=\"414\" src=\"https:\/\/mariepierre-terrien.com\/wp-content\/uploads\/2022\/04\/51.-Detail-de-la-mort-du-roi.jpg\" alt=\"\" class=\"wp-image-8752\" srcset=\"https:\/\/mariepierre-terrien.com\/wp-content\/uploads\/2022\/04\/51.-Detail-de-la-mort-du-roi.jpg 306w, https:\/\/mariepierre-terrien.com\/wp-content\/uploads\/2022\/04\/51.-Detail-de-la-mort-du-roi-222x300.jpg 222w\" sizes=\"auto, (max-width: 306px) 100vw, 306px\" \/><figcaption>La Sainte-Chapelle de Champigny-sur-Veude, d\u00e9tail de la 11e verri\u00e8re<\/figcaption><\/figure>\n\n\n","protected":false},"excerpt":{"rendered":"<p>Visites guid\u00e9es propos\u00e9es par Marie-Pierre Terrien\u00a0 dans le Pays de Richelieu la ville de Richelieu, cit\u00e9 du Cardinal, mod\u00e8le d&rsquo;urbanisme du XVIIe si\u00e8cle. Contact : Office de Tourisme \u00ab\u00a0Azay Chinon Val de Loire\u00a0\u00bb, bureau de Richelieu-02 47 58 13 62 la Sainte-Chapelle de Champigny-sur-Veude, petite-fille de la Sainte-Chapelle de Paris, et ses vitraux Renaissance exceptionnels. &hellip; <\/p>\n<p class=\"link-more\"><a href=\"https:\/\/mariepierre-terrien.com\/index.php\/visites-guidees\/\" class=\"more-link\">Continuer la lecture<span class=\"screen-reader-text\"> de &laquo;&nbsp;Visites guid\u00e9es&nbsp;&raquo;<\/span><\/a><\/p>\n","protected":false},"author":1,"featured_media":163,"parent":0,"menu_order":0,"comment_status":"closed","ping_status":"closed","template":"","meta":{"footnotes":""},"class_list":["post-147","page","type-page","status-publish","has-post-thumbnail","hentry"],"_links":{"self":[{"href":"https:\/\/mariepierre-terrien.com\/index.php\/wp-json\/wp\/v2\/pages\/147","targetHints":{"allow":["GET"]}}],"collection":[{"href":"https:\/\/mariepierre-terrien.com\/index.php\/wp-json\/wp\/v2\/pages"}],"about":[{"href":"https:\/\/mariepierre-terrien.com\/index.php\/wp-json\/wp\/v2\/types\/page"}],"author":[{"embeddable":true,"href":"https:\/\/mariepierre-terrien.com\/index.php\/wp-json\/wp\/v2\/users\/1"}],"replies":[{"embeddable":true,"href":"https:\/\/mariepierre-terrien.com\/index.php\/wp-json\/wp\/v2\/comments?post=147"}],"version-history":[{"count":31,"href":"https:\/\/mariepierre-terrien.com\/index.php\/wp-json\/wp\/v2\/pages\/147\/revisions"}],"predecessor-version":[{"id":8757,"href":"https:\/\/mariepierre-terrien.com\/index.php\/wp-json\/wp\/v2\/pages\/147\/revisions\/8757"}],"wp:featuredmedia":[{"embeddable":true,"href":"https:\/\/mariepierre-terrien.com\/index.php\/wp-json\/wp\/v2\/media\/163"}],"wp:attachment":[{"href":"https:\/\/mariepierre-terrien.com\/index.php\/wp-json\/wp\/v2\/media?parent=147"}],"curies":[{"name":"wp","href":"https:\/\/api.w.org\/{rel}","templated":true}]}}